ve v(y).
27
Let s(t) be the third derivative of -t**5/60 + t**4/24 + t**3/6 - 114*t**2 - 3*t. Determine s(5).
-19
Let x = -67 + 68. Let z(d) = -27*d**2 + 3. Let i(k) = -18*k**2 + 2. Let b(h) = -7*i(h) + 5*z(h). Give b(x).
-8
Let n be 52/(-65)*(-6 - -1). Let m(i) = n + 4 - i - 3. Determine m(4).
1
Let c(y) be the third derivative of -y**6/120 + y**5/20 - y**4/8 - y**3/2 - 59*y**2. Suppose 2*j = 6*m - m + 26, 0 = j + 4*m + 13. Determine c(j).
-12
Suppose -g = -4*g + 222. Let y(m) = 5 - 7*m + 142*m**2 - g*m**2 - 69*m**2. Determine y(-8).
-3
Let b be -10*(-5)/275 + (-13)/11. Let g(f) = -f + 1. What is g(b)?
2
Let g be ((-4)/22)/((240/165)/(-16)). Let t(w) = 6*w - 1. Calculate t(g).
11
Suppose 24 + 1 = 5*v + 3*q, -5*v + q + 5 = 0. Let n(a) = -v*a + 3*a**2 - a + 3*a. Give n(1).
3
Let j(n) = n**3 + 2*n**2 + n - 1. Suppose -3*s + 5*g + 25 = 0, 5*s - 3*g - 8 - 7 = 0. Let p be 0 + s - 6 - -3. Calculate j(p).
-13
Let v(p) be the second derivative of -p**3/6 + 5*p**2/2 + 8*p. Suppose -4*h - 3*a - 3 = -0*a, 4*h - 5*a - 5 = 0. Calculate v(h).
5
Let l(o) = 47*o. Let g be 40/(-3 - 5) - -6. Determine l(g).
47
Let p be (1/(-3))/(14/(-252)). Suppose p*f + 4 = 7*f. Let w(u) = u**3 - 3*u**2 - 4*u - 1. What is w(f)?
-1
Let j(h) = -h**2 + 10*h + 15. Let f be 40/(-20)*(0 + 2 + -8). Determine j(f).
-9
Let c(q) be the third derivative of -q**4/3 + q**3/6 - 3*q**2. Let h be c(-2). Let d(o) = 12*o**2 - 3 - 25*o**2 - 2*o - o**3 + h*o**2. Give d(3).
0
Let w(y) = 2*y + 11 + 3*y - 2*y - y. Suppose -22*l + 13*l - 72 = 0. Give w(l).
-5
Let u(i) = -10*i**3 + 4*i + 1. Let z(l) = 11*l**3 + l**2 - 5*l - 1. Let c = 61 - 59. Let t(w) = c*z(w) + 3*u(w). Determine t(-1).
9
Let c(v) = 0*v - v - 1375 - v**3 + 1409 + 31*v**2. What is c(31)?
3
Let c(u) = -u**2 - 4*u**2 + 4*u - 2*u**2 - 1 - 5*u. Determine c(-1).
-7
Let o(z) = 2*z - 6. Let u(j) = j. Let l(y) = o(y) - 4*u(y). Suppose 0 = -3*g - 5*a + 35, -10 = -4*g - 2*a + 18. What is l(g)?
-16
Let z(a) be the third derivative of 0*a + 0*a**3 + 1/12*a**4 + 5*a**2 + 1/60*a**5 + 0. Determine z(-3).
3
Let l(q) = q**3 + 5*q**2 + 7*q + 9. Let b = 1058 - 1062. What is l(b)?
-3
Let r(v) = v**3 + 40*v**2 + 111*v - 24. Let p be r(-37). Let t be -27 - (1 + -1)/2. Let m = p - t. Let f(u) = -2*u**2 + 4*u - 1. What is f(m)?
-7
Let x(c) = -c - 11. Let a(u) = u**3 + u**2. Let z(t) = -5*t**3 - 10*t**2 - 5*t + 4. Let h(r) = 4*a(r) + z(r). Let g be h(-4). Give x(g).
-3
Suppose -3*j = 8 - 20. Let o be (j/6)/((-3)/9). Let r(g) = 2*g + 1. Let q(b) = -b**2 + 6*b + 2. Let m(a) = -q(a) + 4*r(a). Calculate m(o).
2
Let b(p) be the second derivative of -p**3/6 + 19*p**2/2 - 98*p. Determine b(15).
4
Suppose 3*j - 2*j + 3 = 0. Let t(y) = 10*y + 16. Let v(l) = 2*l + 3. Let p(c) = 4*t(c) - 22*v(c). Give p(j).
10
Let g(u) = -u**2 + 1 + 0*u**2 - 14*u + 8*u + 2*u**3. Let p(f) = f**3 - f**2 - 5*f + 1. Let y(m) = 4*g(m) - 5*p(m). Calculate y(1).
4
Let y(x) = x**3 - 9*x**2 + 10*x - 14. Let l be ((-16)/(-5))/(40/(-2100)*-21). What is y(l)?
2
Suppose -31*g - 365 = 42*g. Let k(c) = -c**3 - 3*c**2 + 10*c - 5. Determine k(g).
-5
Let j(v) = -v**2 - 2*v - 4. Suppose -4 = 6*r - 2*r + 4*x, r = -3*x + 5. Determine j(r).
-12
Let n(s) be the second derivative of -5*s**4/24 - 17*s**2 - 4*s. Let z(b) be the first derivative of n(b). What is z(-1)?
5
Let b(m) = -7*m**2 + 254 + 8*m**2 - 252 + m. Give b(-4).
14
Let n(k) = k**3 + 3*k**2 - 1. Suppose 3*t - 1260 = -3*t. Let l be 3/(-5) + t/(-25). Let w(z) = -z**2 - 8*z + 7. Let u be w(l). What is n(u)?
3
Let z be 6 + 2/(-2) + 0. Let b(o) = o**2 - 4*o - 3. Let v be b(z). Let n(q) = 5*q - v*q - 2*q + 9. What is n(-7)?
2
Let d = 72 + -68. Let j(t) be the first derivative of -4 + 2*t**3 + t**2 + 6*t + 1/4*t**d. Give j(-6).
-6
Let d = -5 + 12. Let b(w) = 0 - d + 3*w + 8 - 3. Calculate b(2).
4
Suppose 2*d - 35 = -29. Let h(o) = -o**2 + 3*o - 1. Calculate h(d).
-1
Let z(k) be the second derivative of k**5/20 + k**4/6 - k**3/3 - 3*k**2/2 + 2*k + 62. Let u be 1/5 + 22/(-10). Give z(u).
1
Let k(u) = -4*u - 9. Let y be k(-3). Let d(v) = 837 + v - v**2 + 0*v + v**y - 853. Calculate d(0).
-16
Let f(p) be the second derivative of 4*p**3/3 + p**2/2 + 2*p + 82. Give f(2).
17
Let i(d) = 4*d**3 - 2*d**2 - 2*d. Suppose -4*c - 14 = -7*c - 5*w, w = c + 6. Determine i(c).
-36
Let r be (3 + -3)/(-1 - -2). Let k(v) = -95*v + 3*v**2 + 91*v + v**3 + r*v**2 - 2. Determine k(-3).
10
Let j(b) = b**2 + 2*b + 5. Let s be 2*((-6)/(-4) + 0)/(-3). Let u be 8/3*6*s/4. Calculate j(u).
13
Let q = -649 - -657. Let t(o) = -o + 16. Calculate t(q).
8
Suppose 16*s + 46 = -2. Let h(n) = -2*n**2 - 5*n + 4. Calculate h(s).
1
Let q(y) be the first derivative of -7/3*y**3 - 25 + y + 1/2*y**2. Calculate q(-1).
-7
Let n(c) be the first derivative of -c**2/2 + 15*c + 148. Calculate n(0).
15
Let m be (0 - -2)*(-6 + 7) - -23. Suppose 0 = l - 2*l + 5*b - m, b - 5 = 0. Let v(k) = -k**3 - k + 8. Calculate v(l).
8
Let w(z) = 3*z - 5. Let p(m) = 2*m**2 - m - 2. Let r(t) = p(t) + w(t). What is r(2)?
5
Let b(c) = c**3 + 6*c**2 - 2*c - 14. Suppose 136 = -53*v - 182. What is b(v)?
-2
Suppose 109*v + 87 + 5 = 86*v. Let h(n) be the first derivative of -5*n**2/2 + 4*n + 1. Give h(v).
24
Let g(l) = l - 1. Let z(r) = -r + 1. Let s = 28 - 23. Let d(f) = s*z(f) + 6*g(f). Give d(5).
4
Let t(b) be the third derivative of -b**7/2520 - b**6/72 + b**5/10 + b**4/2 + 16*b**2. Let n(j) be the second derivative of t(j). Give n(-11).
1
Let o(a) be the first derivative of -a**4/4 - 7*a**3/3 - 3*a**2 - 2*a - 1. Let r = 216 + -222. Give o(r).
-2
Let t(m) = -m**2 + 10*m - 5. Let p = 62 - 60. Let w be 14/4*-2*(-3 + p). What is t(w)?
16
Let a(t) = t**3 - 210 + 10*t - 13*t**2 + t**2 + 214. Calculate a(11).
-7
Let t(a) = -a. Let f(y) = 2*y + 1. Let l(d) = 6*f(d) + 11*t(d). Give l(-2).
4
Let k(h) be the second derivative of -h**5/20 + 5*h**4/12 + 4*h**3/3 - 4*h**2 + 3*h + 135. Suppose w + 4*q - 11 = 3*q, 3*q - 21 = -w. Calculate k(w).
4
Let q(h) = -h**3 - 5*h**2 + 7*h - 10. Suppose -199 = 22*u - 45. Determine q(u).
39
Let p be (-2 + -7)*1/3. Let t(v) = 3*v**2 + 6*v - 2. Let a(q) = -6*q**2 - 11*q + 3. Let y(x) = -4*a(x) - 7*t(x). Give y(p).
23
Let o(g) be the second derivative of -g**5/20 - 5*g**4/12 - g**3/6 - g**2 + 3*g - 8. Give o(-3).
-17
Let f(j) = 2*j - 21. Let a be 18 + -2 - (-114)/(-19). Give f(a).
-1
Let j be -4 - -7 - (1 + 2 - 2). Suppose -j*b - b - 18 = 0. Let z(c) = -c**2 - 6*c - 9. Calculate z(b).
-9
Let x be 5/(-20) + (-162)/24. Let g(u) = 4*u - 4. Determine g(x).
-32
Let j(o) = o**2 - 1. Let v(b) = 3*b**2 + 6*b. Let d(w) = 4*j(w) - v(w). Let z be ((-3)/(-2))/((-6)/56). Let r = 20 + z. What is d(r)?
-4
Let a be ((-6)/4)/(12/16). Let d be (a/(-10)*-9)/(6/(-20)). Let w(n) = n**2 - 6*n - 3. Give w(d).
-3
Let z(x) be the second derivative of x**7/2520 - x**6/180 - x**5/40 - x**4/12 + 13*x. Let f(n) be the third derivative of z(n). Give f(5).
2
Let m = 129 - 281. Let q = m + 146. Let j(n) = -n**2 - 6*n + 2. Determine j(q).
2
Let m = -14 + 15. Suppose -1 = -2*r - 2*j - 7, -2*r + m = -5*j. Let f(n) = n**2 + n - 2. Calculate f(r).
0
Let a = 0 - 2. Let z be 0 - -3 - (2 + 7). Let w(h) = h**3 - 3*h**2 + 2. Let g(s) = -2*s**3 + 4*s**2 - 3. Let v(m) = z*w(m) - 4*g(m). Determine v(a).
-8
Let n(j) = 3*j**2 - 10*j - 5. Let c(v) = v**2 - v. Let x(p) = 4*c(p) - n(p). Let s(m) = m - 13. Let r be -3*(24/(-9) - 0). Let g be s(r). Calculate x(g).
0
Let j be 0 + -2 + 65 + 1. Suppose 0 = 8*f - 6*f + j. Let a be (f/(-12))/(8/(-12)). Let t(x) = -x + 5. What is t(a)?
9
Suppose 15 = -5*m + 2*v, -4*v = m - 5*v + 3. Let y(g) = 13*g**2 - 9*g - 16. Let x(d) = 3*d**2 - 2*d - 4. Let s(b) = -9*x(b) + 2*y(b). Determine s(m).
-5
Let n(u) = -u**3 - 3*u**2 + 1. Let b be n(-2). Let r be (-11)/(-4*b/12). Let w = r - -13. Let c(i) = 4*i + 1. Give c(w).
9
Let q(z) = -2*z - 2. Let w(m) = 4*m - 13. Let n(a) = -q(a) - w(a). Calculate n(11).
-7
Let q = 52 + -46. Let d(m) = -6*m - 7 - 18*m**2 + 8*m + m**3 + 12*m**2. Determine d(q).
5
Let r = 121 - 118. Let c = 22 - 14. Suppose -r*l + 25 = -c*l. Let q(n) = n**3 + 4*n**2 - 7*n - 2. What is q(l)?
8
Let c(y) = -3 + 8*y + y**3 - 13*y**2 + 9 + 4*y**2. Let r = 20 + -145. Let t = -117 - r. Calculate c(t).
6
Let b(q) = -q**2 + 2*q**2 + 23 + 29 - 49 - 2*q**2 - q. Give b(0).
3
Let b(f) = -17*f + 0 - 1 + 38*f - 3*f. Calcula